e of 96?
True
Does 24 divide 249360?
True
Is 1803984 a multiple of 98?
True
Is 73 a factor of 557355?
True
Does 126 divide 27846?
True
Does 170 divide 914430?
True
Is 8770322 a multiple of 303?
False
Is 8 a factor of 51331?
False
Is 39 a factor of 6201?
True
Is 158282 a multiple of 13?
False
Is 238 a factor of 94857?
False
Is 123 a factor of 114197?
False
Is 24863 a multiple of 21?
False
Is 117786 a multiple of 293?
True
Is 184 a factor of 2359480?
False
Is 4653803 a multiple of 249?
False
Is 160 a factor of 740800?
True
Is 2903422 a multiple of 428?
False
Is 21 a factor of 150535?
False
Is 125 a factor of 155?
False
Is 263 a factor of 1708448?
True
Is 491925 a multiple of 86?
False
Is 210 a factor of 154980?
True
Does 167 divide 89178?
True
Is 1651734 a multiple of 42?
True
Is 1379839 a multiple of 32?
False
Is 1741403 a multiple of 21?
False
Does 113 divide 5016726?
False
Is 14 a factor of 10188188?
False
Is 23268 a multiple of 21?
True
Is 419 a factor of 1643297?
False
Does 3 divide 445590?
True
Is 129 a factor of 371520?
True
Does 509 divide 7746972?
False
Is 6001379 a multiple of 1733?
True
Is 702 a factor of 3013260?
False
Does 10 divide 24895760?
True
Is 6 a factor of 1707162?
True
Does 9 divide 720419?
False
Does 36 divide 121144?
False
Does 47 divide 745796?
True
Does 9 divide 5331128?
False
Is 270303 a multiple of 3?
True
Is 157 a factor of 198291?
True
Is 1147487 a multiple of 11?
True
Does 84 divide 541531?
False
Is 13 a factor of 3550436?
False
Is 138240 a multiple of 360?
True
Does 305 divide 3598390?
True
Is 811678 a multiple of 10?
False
Is 12 a factor of 1632826?
False
Is 43332 a multiple of 276?
True
Does 255 divide 2066596?
False
Is 118 a factor of 61360?
True
Is 17 a factor of 2550?
True
Is 1719575 a multiple of 481?
True
Does 49 divide 294539?
True
Is 12 a factor of 75706?
False
Is 50 a factor of 2399150?
True
Is 5 a factor of 4524535?
True
Does 145 divide 8502748?
False
Is 1837199 a multiple of 15?
False
Does 120 divide 220726?
False
Is 5056 even?
True
Is 82 a factor of 5435955?
False
Is 10 a factor of 693?
False
Does 146 divide 179580?
True
Is 2085560 a multiple of 21?
False
Is 37 a factor of 474329?
False
Is 104 a factor of 215404?
False
Does 83 divide 71629?
True
Is 693 a factor of 3838527?
True
Does 13 divide 30543?
False
Is 2953612 a multiple of 13?
False
Is 54 a factor of 172638?
True
Is 778 a factor of 7598860?
False
Is 248819 a multiple of 33?
False
Is 192016 a multiple of 4?
True
Is 27 a factor of 178432?
False
Is 2935600 a multiple of 1025?
True
Is 1832166 a multiple of 777?
True
Is 7969 a multiple of 75?
False
Does 318 divide 3125458?
False
Does 944 divide 16953047?
False
Does 20 divide 19110827?
False
Does 26 divide 457762?
False
Is 29551 a multiple of 2?
False
Is 15314 a multiple of 26?
True
Does 39 divide 79248?
True
Does 7 divide 828561?
False
Is 26265681 a multiple of 1140?
False
Is 1586 a factor of 30111796?
True
Is 16 a factor of 262426?
False
Does 18 divide 79826?
False
Is 371166 a multiple of 113?
False
Does 14 divide 73850?
True
Does 35 divide 89285?
True
Is 61 a factor of 203435?
True
Is 606242 a multiple of 10?
False
Is 44 a factor of 3520?
True
Is 82511 a multiple of 126?
False
Is 143 a factor of 1716?
True
Is 16291625 a multiple of 45?
False
Is 4835432 a multiple of 553?
True
Is 803894 a multiple of 49?
True
Does 13 divide 78401?
False
Does 6 divide 2046?
True
Is 81 a factor of 38718?
True
Is 865396 a multiple of 14?
True
Is 400 a factor of 978968?
False
Is 194274 a multiple of 6?
True
Is 68 a factor of 26012?
False
Is 577 a factor of 2088740?
True
Does 55 divide 892503?
False
Is 756305 a multiple of 14?
False
Is 21 a factor of 3146556?
True
Does 16 divide 409264?
True
Is 11 a factor of 4719660?
True
Does 9 divide 253929?
False
Does 263 divide 1116172?
True
Does 27 divide 120069?
True
Does 3 divide 267703?
False
Is 76946 a multiple of 79?
True
Does 30 divide 892620?
True
Is 265431 a multiple of 103?
True
Does 40 divide 159720?
True
Is 13 a factor of 544941?
False
Is 1341280 a multiple of 664?
True
Is 1954212 a multiple of 8?
False
Does 32 divide 67493?
False
Is 3838939 a multiple of 1499?
True
Is 38 a factor of 62776?
True
Does 356 divide 425255?
False
Is 143 a factor of 21021?
True
Does 4 divide 3113?
False
Is 4017744 a multiple of 24?
True
Does 44 divide 422488?
True
Is 790030 a multiple of 144?
False
Is 1028140 a multiple of 20?
True
Is 101 a factor of 75548?
True
Is 344784 a multiple of 19?
False
Does 185 divide 97384?
False
Is 12218778 a multiple of 143?
True
Is 343 a factor of 2135826?
False
Is 475884 a multiple of 36?
True
Is 6587819 a multiple of 68?
False
Is 5449925 a multiple of 434?
False
Is 29205 a multiple of 165?
True
Is 1937390 a multiple of 590?
False
Does 177 divide 116289?
True
Is 449801 a multiple of 242?
False
Does 8 divide 81150?
False
Is 18 a factor of 1876806?
True
Does 77 divide 18712771?
True
Is 42588 a multiple of 27?
False
Does 433 divide 1637173?
True
Is 37 a factor of 1316565?
False
Does 118 divide 762162?
True
Is 15456 a multiple of 28?
True
Is 2658552 a multiple of 52?
True
Is 252472 a multiple of 88?
True
Is 61 a factor of 267790?
True
Is 325 a factor of 296400?
True
Is 43695 a multiple of 5?
True
Is 169345 a multiple of 55?
True
Is 243314 a multiple of 19?
True
Is 1424 a factor of 1434717?
False
Is 20863 a multiple of 10?
False
Is 14 a factor of 1527792?
True
Is 450 a factor of 2191950?
True
Does 122 divide 841434?
True
Is 17 a factor of 1465310?
False
Is 246 a factor of 5519059?
False
Is 221 a factor of 161330?
True
Is 623420 a multiple of 10?
True
Is 4919333 a multiple of 126?
False
Does 34 divide 227332?
False
Does 650 divide 650?
True
Is 3354 a multiple of 86?
True
Is 4991616 a multiple of 112?
True
Is 46 a factor of 55154?
True
Is 42 a factor of 1720612?
False
Does 34 divide 2761680?
False
Is 314484 a multiple of 3?
True
Is 46 a factor of 30590?
True
Is 143073 a multiple of 63?
True
Does 62 divide 1081373?
False
Is 266162 a multiple of 544?
False
Does 13 divide 696618?
True
Does 13 divide 24661?
True
Is 1588 a factor of 3981116?
True
Is 141 a factor of 76044?
False
Is 8 a factor of 406472?
True
Is 16 a factor of 129853?
False
Does 30 divide 30420?
True
Does 14 divide 111282?
False
Does 19 divide 74327?
False
Is 3307668 a multiple of 156?
True
Is 296 a factor of 14255?
False
Is 35 a factor of 187835?
False
Is 160 a factor of 415040?
True
Is 5224522 a multiple of 49?
False
Is 12 a factor of 21588?
True
Is 65145 a multiple of 78?
False
Does 12 divide 228168?
True
Is 330226 a multiple of 13?
True
Is 58384 a multiple of 214?
False
Does 161 divide 440915?
False
Is 151312 a multiple of 6?
False
Is 872445 a multiple of 105?
True
Is 188 a factor of 220276?
False
Is 1783707 a multiple of 324?
False
Is 820069 a multiple of 11?
False
Does 40 divide 1984712?
False
Is 4 a factor of 79696?
True
Is 14346189 a multiple of 117?
True
Is 24250 a multiple of 97?
True
Is 17934 a multiple of 24?
False
Is 11 a factor of 4451?
False
Is 68898 a multiple of 47?
False
Is 8520 a multiple of 142?
True
Does 238 divide 1385086?
False
Is 218106 a multiple of 14?
True
Is 101 a factor of 2881429?
True
Is 310029 a multiple of 179?
False
Does 90 divide 8732259?
False
Is 244746 a multiple of 24?
False
Is 8107737 a multiple of 15?
False
Does 1071 divide 13721845?
False
Is 6 a factor of 541044?
True
Is 7 a factor of 16790?
False
Is 190580 a multiple of 16?
False
Is 11 a factor of 101515?
False
Is 144160 a multiple of 20?
True
Is 31 a factor of 260958?
True
Does 205 divide 19885?
True
Is 25 a factor of 332175?
True
Is 66728 a multiple of 4?
True
Is 3161 a multiple of 4?
False
Is 178490 a multiple of 13?
True
Is 39 a factor of 182793?
True
Is 6 a factor of 13860?
True
Is 143 a factor of 200741?
False
Does 308 divide 24948?
True
Does 259 divide 1198911?
True
Is 1086849 a multiple of 591?
True
Is 308 a factor of 9883720?
True
Is 35 a factor of 306294?
False
Is 313466 a multiple of 338?
False
Is 1820426 a multiple of 604?
False
Does 11 divide 156673?
True
Does 15 divide 198600?
True
Does 6 divide 473393?
False
Does 16 divide 94029?
False
Does 83 divide 5153221?
True
Is 43 a factor of 3308549?
True
Is 11551552 a multiple of 11?
False
Does 6 divide 463814?
False
Does 31 divide 256798?
False
Is 15 a fa